 m(h)?
1
Let h = 10 - 10. Let v = h + -4. Let x(w) = -3*w - 2. What is the tens digit of x(v)?
1
What is the hundreds digit of (-45819)/(-21) + 1 - (-47)/329?
1
Let g(m) = 2*m + 435. Let q be g(0). Suppose -3*k + q - 96 = 0. What is the tens digit of k?
1
Suppose 0 = -d + 8*d - 5733. What is the tens digit of d?
1
Suppose 21*x + 28555 = 98800. What is the units digit of x?
5
Suppose -2*g + 12 = 2*g. Let c(y) = -5 - 4 + 5*y**g - 2 + 9*y**2 + 4*y - 4*y**3. What is the units digit of c(-8)?
1
Suppose -5*d = 2*i - 691, -4*d + 2*i + 146 = -414. What is the hundreds digit of d?
1
Let q = 3687 + -2214. What is the hundreds digit of q?
4
Suppose 21 = q - 17. Let v = 101 - q. What is the tens digit of v?
6
Suppose 3*o - 4*i = 5*o + 20, 19 = -3*o + 5*i. Let l(y) = -5*y - 11. What is the units digit of l(o)?
9
Let b = -391 - -1798. What is the units digit of b?
7
Let c(x) be the third derivative of 7*x**4/4 + 16*x**3/3 + 10*x**2. Let y(w) = 17*w + 13. Let m(a) = -5*c(a) + 12*y(a). What is the units digit of m(-2)?
8
Let s = 676 - -393. Suppose 8*d = s + 67. What is the hundreds digit of d?
1
Suppose -36*j + 5238 = -30*j. What is the units digit of j?
3
Let v(m) = 58*m**2 - 12*m + 2. What is the hundreds digit of v(-6)?
1
Suppose -5*c + 6*c = 4. Suppose 3*v - 38 - c = 0. What is the tens digit of v?
1
Suppose 4*g = -p - p + 14, -3*p - 2*g = -5. Let y(s) = -21*s - 3. What is the tens digit of y(p)?
1
Suppose 43*w - 500 - 214758 = 0. What is the tens digit of w?
0
Let b = 1 + 4. Suppose b = x - 113. What is the units digit of x?
8
Let s = -385 - -1311. What is the hundreds digit of s?
9
Suppose w = -4*g + 9*g + 232, -3*g = 4*w + 153. Let u be g*2 + 16 + -16. Let m = -32 - u. What is the units digit of m?
2
Let a(m) = 33*m + 1. Suppose 3*r = p - 2, 4*r - 46 = -5*p + r. Let x be (-2)/(-6)*(p + -5). What is the tens digit of a(x)?
3
What is the tens digit of 0 + 2 + 8/(16/4202)?
0
Let j be (-1 - (-1 + 3))*(3 - 4). Suppose 2*d - h - 260 = -j*h, -3*d + h + 410 = 0. What is the units digit of d?
5
Suppose -3 = -0*y + 3*y - i, 3 = -i. What is the tens digit of y*(-24 - 8/(-4))?
4
Suppose -l = -3*k + 8076, -4*k = -4*l - 2751 - 8009. What is the thousands digit of k?
2
Suppose 2*t = -7*t + 3726. What is the units digit of t?
4
Suppose 5*i - 225 = 330. Suppose c + i = 5*p - 2*c, 0 = -2*c - 4. What is the units digit of p?
1
Suppose 0 = 8*s + 196 - 188. Let t(w) = -22*w + 3. Let j(r) = -7*r + 1. Let u(i) = -11*j(i) + 4*t(i). What is the tens digit of u(s)?
1
Suppose -418*r + 410*r = -1624. What is the units digit of r?
3
Let k(h) = h**2 - 7*h - 2. Let c be k(8). Suppose 0 = -2*a + 30 - c. What is the units digit of a?
2
Let x = 12 - 6. Let s be (-6)/9 - (-1132)/x. Suppose -4*k - 68 = -s. What is the tens digit of k?
3
Suppose 2*k = 4*m - 4654, 4*m - k - 1209 - 3448 = 0. What is the thousands digit of m?
1
Suppose 3174 = 12*v - 29646. What is the hundreds digit of v?
7
Let l(f) = -6*f - 14. What is the units digit of l(-3)?
4
Let p = 1135 + -140. What is the tens digit of p?
9
Suppose 48 = -2*p + 794. Suppose 4*z + 37 = p. Suppose z = o + 2*o. What is the tens digit of o?
2
Let k = 1958 + -349. What is the tens digit of k?
0
Let j = -366 - -542. What is the tens digit of j?
7
Let w(k) = -k**3 + 11*k**2 - 3*k - 3. Let t(d) = 2*d**3 - 23*d**2 + 7*d + 7. Let o(l) = 4*t(l) + 9*w(l). Let b = -1292 + 1299. What is the units digit of o(b)?
8
Let y = 13 + -13. Let i(v) = -v**2 - v + 1. What is the units digit of i(y)?
1
What is the units digit of (15452/14)/(7*6/147)?
3
Let c(g) = -9*g + 28. Let h be c(-34). Let l = -131 + h. What is the tens digit of l?
0
Let c(k) = k**3 + 2*k**2 - 3*k + 3. Let s be c(-3). Let d(m) = -4*m - 3*m**2 - m**s + 0*m - m. What is the tens digit of d(-4)?
3
Let u = 0 - -5. Let k = -1 + u. Suppose -11 = k*r + 5*t - 139, -160 = -5*r - t. What is the units digit of r?
2
Suppose -k - 35*y + 1578 = -36*y, y - 4742 = -3*k. What is the units digit of k?
0
Suppose 25575 = 6*p + 19*p. What is the hundreds digit of p?
0
Let i(s) = -4*s**2 - 8*s - 3. Let o(g) = g**2 - 1. Let r(c) = -i(c) - 3*o(c). Let j be r(-7). What is the units digit of (3 + -2)/j*-14?
4
Suppose 5*d - 320 = d - 4*l, -3*d + 215 = -2*l. Suppose -2*c - d = -21. Let b = 10 - c. What is the units digit of b?
7
Let c be (-8)/2 + (-24)/(-6). What is the tens digit of 1*(-1 - c) - (-125 + 25)?
9
Let t = 251 + -127. What is the tens digit of t?
2
Let o(w) = -72*w - 86. What is the units digit of o(-6)?
6
Suppose 0 = -j, -c - 5*j = -97 - 5908. What is the thousands digit of c?
6
Let k be 2/(-8) + 51/12. Suppose -5*h + k = -h. What is the units digit of -1*(-17 + -4)*h?
1
Let v be (-2*14/8)/(4/8). Let n(s) = 2*s**2 - 20*s + 18. What is the hundreds digit of n(v)?
2
Let i(y) = 49*y**2 - 14. Let a(m) = -16*m**2 + 5. Let j(k) = 14*a(k) + 5*i(k). What is the units digit of j(-1)?
1
Let s = 168 + -60. What is the tens digit of s?
0
Let g(h) = h**2 - 8*h + 10. Let t be g(4). Let r(f) = f + 18. What is the tens digit of r(t)?
1
Let d be 4/8*0 - -1*3. Suppose d*r = 860 - 134. What is the hundreds digit of r?
2
What is the tens digit of 358/(27/(-6) + 5) - 5?
1
Let j = 965 - 403. What is the units digit of j?
2
Suppose 3*f + 5*w + 19 = 0, -4 = 3*f - 4*w + 24. What is the hundreds digit of (0 - -8)/(f/(-236))?
2
Let g = 22 - 18. Let s(h) = 4*h**2 - 3*h - 2*h**3 + 2 + 2*h + 3*h**3 - g. What is the units digit of s(-4)?
2
Suppose 7*f = 2*f - 40. Let r = f - -13. Suppose 4*c - 76 = 4*q, -q + r*q - 64 = -3*c. What is the units digit of c?
0
Suppose 6 = -p - 1. Let i(h) = h**3 + 8*h**2 + 7*h - 6. Let g be i(p). What is the tens digit of (-178)/(-6) - g/(-9)?
2
Let m(d) = 9*d**2 + 20*d + 5. What is the tens digit of m(-4)?
6
Let s(u) = 3*u**2 - u. Let f be s(1). Let l(x) = x - 2. Let v be l(6). Suppose 30 - f = v*h. What is the units digit of h?
7
Let j = 132 - 65. Suppose -3*k + 320 = -j. What is the units digit of k?
9
Suppose -74*f + 40 = -69*f. What is the tens digit of 738/8 - 2/f?
9
Let p = -583 + 627. What is the tens digit of p?
4
What is the units digit of 10/(-5) + 886 - (-4)/4?
5
Let r(y) = y**2 + 9*y - 7. Let g = -45 - -51. What is the tens digit of r(g)?
8
Let g(r) = -32*r + 58. What is the tens digit of g(-8)?
1
Let u = -21 - -23. Let v = 24 - u. Let z = 8 + v. What is the units digit of z?
0
Let r(x) = 40*x + 6. Let y be r(6). Let i = y - 170. What is the units digit of i?
6
What is the tens digit of 71 - (-5)/(-2)*240/100?
6
Suppose -o - 3 = -0, k + 4*o + 2 = 0. Let h be k/85 - (-64)/34. Suppose 5*m - 150 = -4*d, 83 = 2*m - h*d - d. What is the tens digit of m?
3
Let l be 2 - -1 - 1/1. Suppose l*j - 5*j = -54. What is the tens digit of j?
1
Let f = 6670 + -3875. What is the thousands digit of f?
2
What is the tens digit of (2 - -766)*34/51?
1
Suppose -3 - 2 = -y. Suppose 4*a = 2*q - 6*q + 36, 4*a - 37 = -y*q. What is the units digit of a?
8
Suppose 10*d - 2944 = -574. What is the units digit of d?
7
Let c(a) = -4*a - 14. Let j be c(-4). What is the units digit of 93 - (-1 - (j + 2))?
8
Let b = -51 + 56. Suppose -357 = -2*o - 5*n, 0 = 4*o + b*n - 3*n - 738. What is the hundreds digit of o?
1
Let n(a) = -14*a + 71. What is the hundreds digit of n(-15)?
2
Let h(a) = -3*a**2 + 6*a + 26*a**3 + 16*a**3 + 3 - 41*a**3. What is the units digit of h(6)?
7
Let z(n) be the second derivative of -n**3/6 + 9*n**2 + 5*n. Let u be z(17). What is the units digit of (-51)/(-2 + u) - 2?
9
What is the units digit of ((-8)/(-12))/((-6)/(-15345))?
5
Suppose -418*l + 412*l = -1794. What is the hundreds digit of l?
2
Let b = 1444 + -895. What is the tens digit of b?
4
Let q = 207 - -42. What is the hundreds digit of (-3 + q)*2/4?
1
Let h = 228 + 2372. What is the units digit of h?
0
Let d = -22 - -25. Suppose d*x + 0*x = 114. Let v = x - 4. What is the tens digit of v?
3
Let f(q) = -q**3 - 20*q**2 + 20*q + 18. What is the tens digit of f(-21)?
3
Let w(o) = 34*o**2 + 14*o + 9. What is the thousands digit of w(-6)?
1
Let f(w) = 35*w + 309. What is the units digit of f(19)?
4
Suppose -v + 40 = 3*v. Suppose v = l + 1. What is the units digit of l?
9
Let b(r) = r**3 - 14*r**2 + 26*r - 26. Let k be b(12). What is the units digit of k*1*(-451)/22?
1
Suppose 2883 = 6*u - 945. What is the units digit of u?
8
Let u = 67 - 70. What 